-589 + 1309. Let w = 1353 - r. Suppose -3*a - 397 = -5*c + w, 5*c = 4*a + 1030. Is c a composite number?
True
Suppose -20*a + 21*a = 1. Let j(b) = 130*b**2 + b - 2. Let z be j(a). Suppose z = v + 18. Is v prime?
False
Let c(m) = 783*m - 611. Is c(24) a composite number?
False
Suppose 5*y - 9248 = -2*a, 0*a = -2*a + 4*y + 9266. Suppose -3*s - 3*i = -a, s - 4629 = -2*s + 3*i. Is s composite?
False
Suppose 41 = 3*r - 11*d + 16*d, 5*d = -5*r + 65. Is 6629/7*(r - 7) prime?
False
Let x be 267813/3 + -1 + -2. Let i = x + -51199. Is i composite?
False
Let n be 1903/33*3*-5. Let g(o) = 57*o**2 + 6*o - 3. Let u be g(5). Let p = n + u. Is p a prime number?
True
Let n(h) = -h**3 - 2*h**2 + 11*h - 24. Let q be n(-13). Let i = 3853 - q. Is i a composite number?
False
Let d = 33 + -33. Suppose d = 2*o - 6. Suppose 2*v + 2*r - 72 = 0, 3*v + o*r + r - 110 = 0. Is v composite?
True
Suppose 4*l + 7901 = -13743. Let c = l - -15276. Is c composite?
True
Let h(t) = -t**3 - 20*t**2 + 21*t - 11. Let c be h(-21). Let f = -6 - c. Is f - 11956/(-10) - 2/(-5) a prime number?
True
Let s be 2 - 3 - (960/4 - -4). Let k(o) = 378*o**2 + 3*o - 2. Let d be k(1). Let b = s + d. Is b a composite number?
True
Let v = 50506 + 11619. Suppose -c + 5 = 0, 4*c - c = -2*x + v. Is x prime?
False
Is -3 + -1 + (12373 - (-11 + 7)) composite?
False
Let f = 2418284 - -27150. Is f a prime number?
False
Let c = 3129384 + -2121119. Suppose c = 43*g - 329938. Is g a prime number?
True
Suppose 4*l = -0 + 16016. Suppose 3*j + l + 253 = 0. Let o = -652 - j. Is o composite?
True
Suppose 4*m + 16 = -4*c, c + 4*m = 5*c. Let x(b) = -129*b + 1553. Let t be x(12). Is c/10 + 1236/t a composite number?
True
Let g = -7091 + 19918. Is g prime?
False
Let q(s) = 18*s**3 + 20*s**2 + 5*s - 191. Is q(16) a composite number?
False
Suppose -1694 = -6*n - 5*n. Suppose -46*j + n = -44*j. Is j a composite number?
True
Let v = -2701844 + 5343709. Is v composite?
True
Let j(o) = -5*o - 2*o + 3*o + 120 - 108. Let k be j(3). Suppose -5*c = -f - c + 811, k = 3*f + 3*c - 2388. Is f a composite number?
True
Let i(v) = -8*v + 5. Suppose 4*x = -6*x + 10. Let y(n) = -20*n + 2. Let u be y(x). Is i(u) prime?
True
Let c be ((-12)/(-15))/((-1)/(60/(-6))). Let w = -446 - -301. Is w*(c/(-2) + (-18)/(-6)) a prime number?
False
Is (2 - 112/12)*59967/(-18) composite?
True
Let s(a) = 707*a**3 - 64*a**2 + 37*a - 19. Is s(11) a prime number?
False
Is 534564 - (-3)/(-1)*238/(-102) a prime number?
True
Let a be (-12)/10*5 - -9902. Let b = a - 2829. Is b composite?
True
Let l = 458161 - 246882. Is l prime?
False
Let l(d) = -d**2 + 20*d + 103. Let k be l(24). Suppose 8*r = -k*r + 64695. Is r a prime number?
False
Let t = 1602 + -2744. Let c = 9 - t. Is c a prime number?
True
Suppose 0*g + 2*g = 8, 4*g = 5*k - 21109. Let p = k - 2504. Is p a prime number?
True
Let q = -116 - -135. Is (-1 - -14584)*q/57 a prime number?
True
Let w be -6 - 15709*-4 - 2. Suppose -8*l + w = 16756. Is l prime?
False
Let r(f) = -77*f + 52. Let g be (2*(-2)/(-6))/((-158)/2133). Is r(g) a composite number?
True
Suppose 2*j - k = 212 + 399, -2*j = 4*k - 626. Is j composite?
False
Let i be (-16)/(-4) + 6/(-3)*-1. Let p(k) = 72*k + 45. Let w be p(i). Suppose -3*l - 5*v + 794 + w = 0, 4*l - v = 1664. Is l prime?
False
Let u be 44/(-77) - 54/(-21). Suppose x - 4*j = 18, 4*j + 16 = -x + u. Suppose 2*g = -x*z + 1584, 0 = 5*g - 0*z + z - 3940. Is g a composite number?
False
Let t(p) = -253*p**3 - 6*p + 7. Let v be t(1). Let b be (-3)/(-2)*834/(-9). Let i = b - v. Is i composite?
False
Let a(o) = -4*o**3 + 9*o**2 - 2. Let h be a(2). Is 747550/125 + h*(-3)/(-10) prime?
True
Suppose 3*y - 3 = 0, -5*r + 4*y = -y + 5. Suppose -41*x + 39*x + 6 = r. Suppose 0*c + c + 637 = x*b, -2*c = 5*b - 1047. Is b a composite number?
False
Suppose 35 = 7*v - 0. Is 8056 - (v + (3 - (-25)/(-5))) a composite number?
False
Let r be (-9)/(-6)*(8564/(-12) - -5). Let w = r + 2320. Is w composite?
True
Let f(m) = m**2 + m + 1405. Is f(153) a composite number?
False
Suppose -3*w = -6*w - 195. Let v = 73 + w. Is 868/16*(-4)/(-8)*v composite?
True
Let c(m) = 2317*m**3 - 2*m**2 + 2*m - 1. Let u be c(1). Let g(b) = b**3 - 14*b**2 + 23*b - 283. Let o be g(14). Suppose 5*t - u = o. Is t a composite number?
True
Let m(u) be the third derivative of 8*u**2 + 0*u + 0 + 19/6*u**4 + 11/6*u**3. Is m(6) composite?
False
Is (-15 - (-340)/20) + 8/(-2) + 126525 composite?
True
Suppose -3*g - 4*b = -2124801, -1757 = -4*b - 1733. Is g a prime number?
False
Let y(c) be the first derivative of 2*c**3/3 - 3*c**2/2 + c - 14. Let h be y(1). Suppose 3*u = -t + 55, -2*u + h*t + 36 = t. Is u a prime number?
True
Let c be 2/(-7) - (1 + 1138/(-14)). Let k = -22 + c. Suppose -3*d + 232 - k = 0. Is d composite?
True
Let a(k) = 28*k**3 + 56*k**2 - 74*k + 549. Is a(22) a prime number?
False
Suppose -4*w - 7*m = -6*m - 257002, -3*m = -4*w + 256978. Is w a composite number?
True
Let h(i) = 10 + 51*i**2 - 8*i + 0 + 1. Suppose 18 = 7*g - 24. Is h(g) a composite number?
True
Suppose -3*q + 2*u + 615151 = 0, 41 = -4*u + 33. Is q a composite number?
True
Suppose 0 = -5*d + 10*d - 35. Let z(f) = 227*f**2 - 18*f + 134. Is z(d) composite?
False
Let q(h) = -h**2 + 40*h + 268. Let j(g) = 2*g**2 - 39*g - 268. Let t(f) = 6*j(f) + 5*q(f). Is t(-17) composite?
False
Let i be (432/162)/(1 - 74/78). Suppose 5*k + i = 18*k. Suppose 11816 = -k*y + 12*y. Is y a composite number?
True
Let v be 4 - 13130/(-4 - -9) - -4. Let l = v + 4527. Is l a prime number?
False
Let k = 58 + -52. Suppose -3*m - k*m + 23787 = 0. Is m composite?
True
Is 2*(12 + 1694033/22) a prime number?
True
Let y(b) = -629*b + 47. Let z = -107 - -99. Let t be y(z). Suppose 4*k - t = -475. Is k composite?
False
Suppose 0*b + 13 = 3*b + f, 5*f + 10 = 0. Suppose -2*a - 5*z = -431, -2*a - b*z + 208 = -a. Is a prime?
True
Suppose 39*t - 31 = 38*t. Suppose -33*w + 10 = -t*w, -2*a = 4*w - 35122. Is a composite?
False
Let c = 74523 + -32480. Is c a prime number?
True
Suppose 3778822 + 61748615 = 185*s - 32670193. Is s composite?
True
Let i(g) = g**3 + 5*g**2 + 4*g + 5. Let u be i(-4). Suppose 5*f + 50 = -u*f. Is (-4 - f - -85)/2 a prime number?
True
Suppose -4*w + 2*q = -2*q + 12, 3*q = -3. Let o(j) = -1241*j + 35. Is o(w) composite?
False
Suppose -2*p = -m + p + 1, 2*m = 3*p + 5. Suppose m*d + 2093 = -6755. Let u = d + 3313. Is u a prime number?
False
Let d = -3706 + 11256. Suppose 4*u + d = 1894. Let b = -463 - u. Is b a prime number?
False
Is (-77)/(-22)*(-1761290)/(-35) a prime number?
True
Suppose -5*d + d - 4*n = -20, 5*d - 25 = 3*n. Suppose d*h - 46409 = -7324. Is h a composite number?
False
Let t(a) = 109*a**2 + 7*a - 7. Let z(j) = j**2 - 16*j - 32. Let n be z(18). Let d be t(n). Let b = d + -1022. Is b composite?
False
Suppose -x + 6092 + 3006 = -3*k, 5*x - 45509 = -4*k. Is x prime?
False
Suppose r = -4 + 3. Let t be 2 + r + (-11 - -10). Suppose z - m - 2*m = 547, 2*z - m - 1104 = t. Is z a prime number?
False
Suppose 6*q - q - 218785 = -5*f, 4*q - 175070 = 3*f. Is q prime?
False
Suppose -23*k = -26*k - 4*c + 998527, 0 = 4*k + 5*c - 1331368. Is k composite?
False
Let w(l) = 5*l**2 + 13*l + 10. Let n be w(23). Suppose 0 = -6*z - 7996 - 3122. Let k = z + n. Is k a prime number?
False
Let t = 66 - 55. Suppose 4*b + t = 43. Suppose -1119 = -b*r + 5*r. Is r a composite number?
False
Suppose -2*u - 10 = -0*u. Suppose 3*h - 3 = -5*f, 0 = -8*h + 4*h - 5*f + 9. Is (u - (2 - h))*-359 a prime number?
True
Is 2/(-22) - (-63361740)/143 composite?
False
Is -2*(6 - (6 + (-3)/(-6))) - -137338 a prime number?
True
Let m be 15/40 + (-356750)/80. Suppose 2*d - 4*h + 4604 = 0, h = 4*d + d + 11528. Let f = d - m. Is f composite?
False
Let a = 90 + -24. Let h = 169 + a. Is h prime?
False
Let f = 35333 + -12934. Let r = f - 12925. Suppose 2*c - r = -4*c. Is c a prime number?
True
Suppose 3*v = -151 + 4. Let k be 9905/v + (-2)/(-14). Let c = 1 - k. Is c composite?
True
Suppose 0 = 178*j - 180*j + 12. Is ((-10)/(-20))/(1/j) - -4558 composite?
False
Let o(m) = 27*m**2 + 38. Let k = 79 + -86. Is o(k) a composite number?
False
Let s be 1*(-1)/((-1)/(-1)). Suppose -21 = 2*p + 2*m - 13, -2*p + 3*m + 12 = 0. Is 3 + s + 0 + (31 - p) a composite number?
True
Suppose 61*i = 14*i + 7579361. Is i a composite number?
False